late the greatest common factor of i and b.
9
Let k(r) = r**2 - 1. Let p = 9 - 7. Let f be k(p). Let s be 16/f + 4/6. Calculate the greatest common divisor of s and 3.
3
Let q be ((-1250)/(-3 + -2))/2. What is the highest common divisor of q and 50?
25
Suppose -2*i + 5*o = -115, -2*o - 206 - 50 = -5*i. What is the greatest common divisor of 5 and i?
5
Suppose t = -2*t + 69. Suppose o + 23 = 2*o. Calculate the highest common factor of o and t.
23
Let a = 2 + -9. Let y be (-1 - 0)*a*12. What is the greatest common divisor of y and 12?
12
Let k = -53 - -73. What is the highest common divisor of 100 and k?
20
Suppose 2*i = -i + 63. Let r = 144 - -24. What is the highest common divisor of r and i?
21
Let c = 0 - -7. What is the greatest common divisor of c and 77?
7
Suppose 0 = -v - 4*v + 55. Let h = 2 - 0. Suppose -h*m - 3*j = -116, 4*j = 5 + 3. Calculate the highest common factor of m and v.
11
Let q be 35/28*(13 - 1). What is the highest common factor of 15 and q?
15
Let l = -16 + 16. Suppose -6*h + 5*h + 2 = l. Calculate the highest common divisor of 22 and h.
2
Let a(k) = -k**3 - 4*k**2 + 4*k. Let s be a(-6). Let g = -33 - -55. Suppose 60 = 3*f + m + 14, -5*m + g = 2*f. What is the greatest common divisor of f and s?
16
Suppose -2*x + 5 = 15, -x - 125 = -3*p. What is the greatest common factor of 10 and p?
10
Suppose -3*c + 5*c = 62. Let f = -13 + c. Calculate the greatest common factor of 2 and f.
2
Let u(g) = 2*g**3 - g**2 - 5. Let w be u(5). What is the highest common divisor of w and 20?
20
Let k = 5 + -3. Let b be (2 - (k + -1)) + 2. Suppose 0 = -5*w + 5*t + 150, -b*t = -4*t. What is the highest common divisor of w and 10?
10
Suppose 8 = -h + 5*o, -7*h + 3*h + 19 = -3*o. Suppose h*l - 80 = 3*l. What is the highest common factor of 20 and l?
20
Let r(d) = d**3 - 6*d**2 + 5*d - 7. Suppose 2*v - 16 = -2. Let s be r(v). Calculate the greatest common divisor of 11 and s.
11
Suppose 3*q - 3*k + k = 18, 3*q = -5*k - 3. Calculate the greatest common divisor of q and 2.
2
Let g(j) = j**2 + 5*j - 2. Let r be g(-6). What is the greatest common divisor of 10 and r?
2
Let z(c) = 5*c**2 + 6*c + 4. Suppose 3*r + 3 = 27. Let g be z(r). Suppose 4*h - g = -4*n, -4*n + 412 = h - 5*h. What is the highest common factor of 14 and n?
14
Let u be 10/(-8)*64*-1. Calculate the greatest common divisor of 16 and u.
16
Let c(a) = -a**2 - 22*a - 10. Let d be c(-21). What is the highest common divisor of 11 and d?
11
Suppose 0 + 40 = 4*k. Let a = k + 0. Calculate the greatest common factor of a and 4.
2
Let d(x) = -4*x - 4. Let k be d(4). Let z = -2 - k. Calculate the highest common divisor of z and 72.
18
Suppose 0 = s - 4*t + 1, -s + 4*s - 6 = 3*t. Suppose s*o = -2*o + 95. What is the highest common factor of 38 and o?
19
Let q(g) = g**3 + 3*g**2 - g + 4. Let k be q(-3). Let w = -10 + k. Let h = 9 - w. What is the greatest common divisor of 36 and h?
12
Let u = 10 - 16. Let z be (1 + 1)/(u/(-168)). Suppose -3*o - 4*r + z = -o, -5*r = -2*o + 11. What is the greatest common divisor of 162 and o?
18
Let k be (-8)/(-28) + 94/14. What is the greatest common divisor of 28 and k?
7
Suppose -191 = -4*q - 5*y, -41 = -q - y + 6. Let u = -33 - -55. Calculate the greatest common factor of q and u.
22
Let j(z) = z**2 - 3*z - 2. Suppose 3*h - 29 = -5. Suppose h*f = 3*f + 25. Let p be j(f). Calculate the highest common divisor of p and 56.
8
Let w be 6/(-18) - (-165)/9. Suppose -4*c + 148 = 6*b - 2*b, 73 = 2*c + b. Calculate the highest common divisor of c and w.
18
Suppose 5*a - 26 = 2*x, -a - 10 = -2*a - 2*x. What is the greatest common divisor of 30 and a?
6
Let w be (-3)/(-36)*1509 - (-2)/8. What is the highest common factor of 42 and w?
42
Let a(q) = -q + 38. Let m be a(16). Calculate the greatest common factor of 154 and m.
22
Let i = -12 - -20. Suppose -3*h = -i - 34. What is the greatest common divisor of h and 42?
14
Let y = 43 + -29. Suppose -4 = -3*t - 10. Let p = t - -72. What is the greatest common factor of p and y?
14
Suppose 2*o - 23 = -3*d, 4*o + 0*d - 44 = -4*d. What is the greatest common divisor of o and 80?
10
Let g be (3 - 1) + 19 + (-3)/3. Let n(p) = 11*p**2 + 4. Let h be n(4). Calculate the highest common divisor of g and h.
20
Suppose -3*n + 4 = 1. Calculate the greatest common factor of 1 and n.
1
Let w(l) = 5*l. Let h be w(1). Let m = 305 - 49. Suppose h*d - m = -106. Calculate the greatest common factor of d and 20.
10
Let d(l) = 4*l**3 - 4*l**2 - l + 6. Let s be d(3). What is the greatest common divisor of s and 15?
15
Let x(b) = 11*b**2 - 2*b + 2. Let i be x(1). Calculate the highest common factor of 44 and i.
11
Let n = 2 - 8. Let v = n - -15. Calculate the greatest common factor of v and 63.
9
Let v = -35 - -71. Let t = v + -1. What is the greatest common divisor of 5 and t?
5
Let m(t) = 2*t - 4. Let i be m(5). Suppose o = 2*a - 22, 2*a + 4*o - 29 = -3*a. What is the greatest common divisor of a and i?
3
Suppose 4*k - 8*k = -8. Suppose -4*a + 12 = 4*s, a = -4*s + 2*s + 4. Let c be 2*(s + (-9)/(-6)). What is the greatest common divisor of c and k?
1
Let s(p) = 6*p + 20. Let r be s(12). Calculate the highest common divisor of r and 46.
46
Let r(m) be the second derivative of 7*m**4/12 + m**2/2 + 2*m. Let q be r(3). Calculate the highest common factor of 8 and q.
8
Let x = -65 + 103. Calculate the greatest common divisor of 19 and x.
19
Let w(k) = -k**2 + 13*k + 8. Let m be w(6). Let p be m/(-6) + (-2)/(-6). Let c = p + 19. What is the highest common divisor of 11 and c?
11
Let y(l) = l**3 - l**2 + l - 1. Let r be y(1). Let q = r + -5. Let u = 14 - q. Calculate the greatest common factor of 95 and u.
19
Suppose -r = r + l - 12, -4 = -3*r - 5*l. What is the highest common divisor of r and 56?
8
Let z = 145 + -28. Calculate the highest common divisor of 13 and z.
13
Let t = -433 + 818. Calculate the highest common factor of t and 35.
35
Let q be 9/2*(-6 - 132/(-18)). Calculate the highest common factor of q and 9.
3
Suppose -18*j = -13*j - 920. Calculate the greatest common divisor of j and 23.
23
Let t be (-795)/(-10) + (-1)/(-2). Suppose 3*q - t = -q. What is the highest common factor of q and 50?
10
Let b = -22 + 112. Let f = 0 - 0. Suppose f = -2*j - 2*j + 36. Calculate the highest common divisor of b and j.
9
Suppose -6*g + 9 = -7*g. Let x(s) = -6*s + 3. Let n be x(g). Let d = -37 + 75. What is the highest common divisor of d and n?
19
Suppose f + 3*f - 60 = 0. Suppose l - r - 15 = -2*r, -5*r = f. Calculate the greatest common factor of l and 6.
6
Let i be 66 - 5/(15/(-6)). Let a = -36 + i. What is the highest common factor of a and 48?
16
Let o(p) = 11*p**2 - 1. Let j be 2/(-3) + (-1)/3. Let h be o(j). Calculate the highest common divisor of h and 10.
10
Let f = 31 - 20. Let m be 1 - (4 - 2 - 5). Suppose -m*r - 110 = -6*r. What is the highest common factor of r and f?
11
Let w = 86 + -22. Calculate the highest common factor of 8 and w.
8
Let y be 13/2 - (-4)/8. Suppose 3*n = n - 8. Let q = y - n. Calculate the greatest common factor of 121 and q.
11
Let n = 14 + -12. Suppose n*a - 11 = a. What is the highest common factor of a and 11?
11
Let z(g) = -g - g - 3 + 4*g. Let o be z(8). Calculate the greatest common factor of o and 65.
13
Suppose 5*d - 21 = 3*h - 2*h, 4*h + 4 = 0. Calculate the greatest common divisor of 16 and d.
4
Suppose 0 = 5*h - h + 3*n - 186, -2*h = -5*n - 80. Let b = 1 + 17. What is the greatest common divisor of b and h?
9
Let w be (8 + 42)*14/4. Calculate the highest common divisor of w and 70.
35
Suppose -f = 1 - 11. Calculate the highest common divisor of f and 110.
10
Suppose -p = 2*a + 1 - 3, -29 = -3*a + 5*p. What is the highest common divisor of 9 and a?
3
Suppose -6*o - 65 = -11*o. Calculate the greatest common divisor of o and 65.
13
Let o be (-2 - (-76)/(-8))*-2. What is the highest common divisor of 207 and o?
23
Let n be (40/(-36))/(-5) + 712/36. What is the highest common factor of n and 5?
5
Suppose f = 2*p + 7, 0*f + p + 28 = 4*f. Let m be 3*21 + 16/8. Suppose -4*z + m = 9. What is the greatest common divisor of f and z?
7
Let m = 73 + -38. Let p be 88/6 + 2/(-3). What is the greatest common factor of m and p?
7
Let g be (216/(-16))/(1/(-12)). Calculate the greatest common factor of g and 18.
18
Let f(q) = -q**